 be p(-1). What is the units digit of -2 + 2 - (v + -10)?
9
Let l = -14 + 27. Suppose -l*r = -9*r - 144. What is the tens digit of r?
3
Let z(m) = 30*m**2 - m. What is the hundreds digit of z(-2)?
1
Let m(a) = -7*a + 14. What is the units digit of m(-9)?
7
Let i = 27 - 19. What is the units digit of i?
8
Let p be (-3)/((-12)/4) + -1. Suppose p = w - 6*w + 25. What is the units digit of w?
5
Let x(g) = -g**2 - 5*g + 8. Let q be x(-6). Suppose -q = -s - 0*s. Suppose 0 = -s*o + 5*v - 3, 20 = -v + 5*v. What is the tens digit of o?
1
Let m(h) = 6*h**3 + 2*h**2 - 5*h + 3. What is the tens digit of m(3)?
6
Let z be 18/8*(-48)/18. Let d(h) = h**3 + 7*h**2 + 7*h + 8. What is the units digit of d(z)?
2
What is the hundreds digit of (500 + -30)*(-2)/(-4)?
2
Let n = 22 + -12. Suppose 1 = 2*l - 3. What is the tens digit of (n/(-4))/(l/(-8))?
1
Suppose -2*u + 3*u - 4 = 0. Suppose -h = u*h + 25. Let b = h - -6. What is the units digit of b?
1
Let n be (6/(-4))/((-3)/6). Suppose n*m - m - 6 = 0. What is the units digit of m?
3
Suppose -5*p = -0*p. Suppose 20 = 5*q, p = 4*s - q + 2*q - 60. What is the tens digit of s?
1
Suppose -3*c - 47 = -4*d, 0*c + 3*c - 1 = -2*d. Suppose -4*u - 2*m + 116 = -4*m, -2*m + d = 0. What is the tens digit of u?
3
Suppose -9 = -3*d - 0. Let g = 7 + -2. Let s = d + g. What is the units digit of s?
8
Let z(r) = -r - 2. Let v(t) = t + 1. Let m(c) = 4*v(c) + 2*z(c). Suppose -u + 3*u - 10 = 0. What is the units digit of m(u)?
0
Let a = -53 + 107. What is the units digit of a?
4
Let t be (-60)/14 - (-4)/14. Let c = t - -6. Suppose -2 = -c*z + 8. What is the units digit of z?
5
Suppose -3*v = 2*x - 7, -3*v - 4*x + 0 - 1 = 0. Let w(l) = -l**2 + 4*l + 6. Let a be w(5). Suppose -v*f + 46 - a = 0. What is the units digit of f?
9
What is the hundreds digit of -8*(-5 + 6 - 24)?
1
Suppose 4*w = -5*z + 52, -5*w - z - 3*z + 56 = 0. What is the units digit of w?
8
Let r(g) = -g**3 + g + 20. Let i be r(0). What is the units digit of (-68)/(-5) - 12/i?
3
Let u(p) be the first derivative of p**4/4 - p**2/2 - p + 2. Let f be u(-1). Let k(x) = -7*x**3 + x**2 - x - 1. What is the units digit of k(f)?
8
Suppose 193 = -2*p - 89. What is the units digit of p/(-15) + (-2)/5?
9
Let m = 12 - 7. Suppose 9*p = m*p + 52. What is the tens digit of p?
1
Suppose 5*u - 40 = -115. Let f be 6/(-9)*u/2. Suppose 0 = -v + 3, 0*d + f*v - 36 = -3*d. What is the units digit of d?
7
Suppose 0 = 5*v + 2*r - 181, -2*r = 6 - 2. What is the units digit of v?
7
Let v(r) = 8*r**2 - 1. Let l be v(1). Let m(t) be the third derivative of -t**6/120 + 2*t**5/15 - 5*t**4/24 - t**3/6 - t**2. What is the units digit of m(l)?
3
Let d(v) = v**2 - 3*v - 2. Let b be d(-4). Suppose 2 + b = j. What is the tens digit of j?
2
Let z(a) = -a**3 - 5*a**2 - 2*a - 5. Let j(x) = -x**3 + x**2 + 5*x - 2. Let t be j(3). What is the units digit of z(t)?
5
What is the units digit of (20/(-8) + 0)*-106?
5
Suppose 5*a = 3*z + 81, 5 = 2*z + 5*a + 84. Let w(l) = 2*l - 41. Let i be w(13). Let f = i - z. What is the units digit of f?
7
Let m(k) = -k + 1. Let h(n) = n**3 - 13*n**2 - 5*n + 22. Let j(s) = h(s) - 4*m(s). What is the units digit of j(13)?
5
Let x(c) = 4*c - 5. Let h be -1*(-13 - 3)/2. What is the tens digit of x(h)?
2
Suppose 40 = r + r. What is the units digit of r?
0
Let x = -35 - -46. What is the units digit of x?
1
Let h be 14 - 1/((-2)/(-4)). Let w = h + -3. What is the units digit of w + 0/(2/(-1))?
9
Let r(w) = 2*w**2 - w + 1. What is the tens digit of r(4)?
2
Let w = -4 + 6. Suppose w*j = 3*j - 8. What is the units digit of j?
8
Suppose -2*m + 15 = -5*t, -m - 2*t + t = -18. Suppose 5*w = 2*r, -r - m = 2*r. What is the units digit of ((-9)/(-12))/(w/(-48))?
8
Let w = 11 - -17. Let t = w + -16. What is the tens digit of t?
1
Suppose 0 = -2*l + 4*g + 2, 0*l + 4*l - 5*g + 8 = 0. Let a(z) = 6*z - 1. Let x be a(-2). Let c = l - x. What is the units digit of c?
6
Let c(b) = 10*b**2 - 2*b - 2. What is the tens digit of c(2)?
3
Let u = -213 + 497. What is the hundreds digit of u?
2
Let u(o) be the second derivative of -o**4/12 - o**3 - 9*o**2/2 + o. Let j be u(-6). Let f(x) = x**3 + 9*x**2 + 9. What is the units digit of f(j)?
9
Let w = 29 - 53. Let d = w + 37. What is the tens digit of d?
1
Let z(m) = m**3 + 2*m + 5. Let a be z(0). What is the units digit of ((-8)/(-10))/(2/a)?
2
Let l(i) = -i**3 + 6*i**2 - 7*i + 5. Let t be l(4). Suppose t*s - 56 = 5*s. What is the tens digit of s?
1
Suppose -f + 442 = 5*d, -6*d + 92 = -5*d - f. What is the tens digit of d?
8
Suppose 5*s = d + 17, 0 = -0*s - 3*s + 3*d + 15. Suppose 0 = -s*z + z + 20. What is the tens digit of z?
1
What is the hundreds digit of (-16593)/(-57) - (-4)/(-38)?
2
Let y = -34 - -48. What is the units digit of y?
4
Let u(p) = -p**3 + 11*p**2 - 10*p + 12. Let f be u(10). Let g be ((-1)/2)/(f/24). What is the units digit of g/(((-4)/(-30))/(-2))?
5
Suppose 14*c - 11*c = 393. What is the hundreds digit of c?
1
Let z(d) = 2*d + 0*d**2 + 2 + 4*d**2 + d - 3*d**2. What is the units digit of z(-5)?
2
Let p(t) = 96*t**3 + t. Let o be p(1). Suppose o - 7 = 3*x. What is the tens digit of x?
3
Suppose 4*c + 5*o - 149 = 0, 0 = -c - 0*o + 4*o + 32. What is the tens digit of c?
3
Suppose 2*j = -2*j + 8. Suppose j*m - 5*m = -18. Suppose a + 12 = z, 5*z - 70 = -m*a + a. What is the tens digit of z?
1
Suppose 0*i + 2*i = 42. What is the units digit of i?
1
Let t(h) = -3*h**3 - 4*h**2 - 3*h - 3. What is the tens digit of t(-3)?
5
Suppose -2*k - 3 = -11. Let x be (-2)/k - 9/(-2). Suppose -5*b + 5*f = 0, -b + 2*f + 2 = x. What is the units digit of b?
2
Let j = 13 - 8. What is the units digit of 77/35 + (-1)/j?
2
Let n = -14 + 17. Suppose -3 = -3*y, -n*d + 2*y = -0*d - 76. What is the tens digit of d?
2
Let v be (-4 + 2)/(6/(-9)). Suppose 2*u - v = 9. What is the units digit of u?
6
Let b be (3/(-2))/((-3)/(-4)). Let q be 42*(7/3 + b). Let r = q - 1. What is the tens digit of r?
1
Let o = 2 + 3. What is the units digit of 16/5 + (-1)/o?
3
Suppose -13 + 4 = -o. What is the units digit of o?
9
Suppose 2*c - 2 = c, -3*c + 27 = -3*i. Let t = i + 3. Let n = -3 - t. What is the units digit of n?
1
Suppose -m + 3 = -2*m. Let o be (-24)/m*1/2. Suppose -1 = o*i + 7, -3 = -5*v - i. What is the units digit of v?
1
Let s(x) = 3*x - 9. Let g(h) = -h**3 - 7*h**2 - 6*h + 7. Let u be g(-6). What is the units digit of s(u)?
2
Let g(n) = -6*n**3 - n**2 + 8*n + 9. Let q(j) = j**3 - j**2 - j - 1. Let w(d) = g(d) + 5*q(d). Let s be w(-6). Let z = 24 + s. What is the tens digit of z?
1
Suppose -3*u + u = -4*u. Let v be 0 - 2/(-1) - 1. Let r = v + u. What is the units digit of r?
1
What is the hundreds digit of (-26)/((7/(-154))/((-2)/(-8)))?
1
Let g(f) be the third derivative of f**5/20 - f**4/6 - 15*f**2. Let t = 7 - 4. What is the units digit of g(t)?
5
Suppose -p + 1 = -4. Suppose 0*c = p*c - 30. What is the units digit of (-2)/(-3)*c/1?
4
Let g be 0 + -2*12/(-8). Suppose -g*n + 0*n + 49 = 2*u, -2*u = -n - 29. What is the tens digit of u?
1
What is the units digit of 11/(-9) - -1 - (-1091)/9?
1
Suppose 4*w + 5 - 1 = 0. What is the units digit of 12 + -1 - (w - -3)?
9
Let y be (-3)/(-15) - 9/(-5). Suppose 25 = t + 4*h, -2*t + 3*h + y = 7. Suppose -2*a = 0, -3*x - 4 = -t*x - 3*a. What is the units digit of x?
2
Suppose 0*x = 4*x + 32. Let k(f) = -3*f - 10. Let d be k(x). Let p = -9 + d. What is the units digit of p?
5
Let w(g) = 4*g + 5 + 0*g - g. What is the units digit of w(5)?
0
Let m(z) = z**2 + 1. Let x(p) = 141*p**2 + 188. Let c(a) = 188*m(a) - x(a). What is the units digit of c(1)?
7
Let d(x) = x**3 - 6*x**2 + 5*x - 15. Suppose 4*r = -12, -4*f = 5*r - 5 - 4. What is the units digit of d(f)?
5
Let m be (-24)/(-32)*(0 - -4). Suppose 5*y - 4*f - 103 = 0, m*f = 2 - 8. What is the tens digit of y?
1
Let t = -9 + 13. Let w = -6 - -3. What is the tens digit of t - -12 - w/1?
1
Suppose -5*n - 7 - 8 = 0. Let q be n/(-6) - (-11)/2. Suppose 3*z - q = 6, 0 = 5*h - z - 36. What is the units digit of h?
8
Suppose -2*y + 63 = i - 38, -5*y + 257 = i. What is the tens digit of y?
5
Let p = 22 - 2. What is the units digit of p?
0
Let i = -10 - -12. Suppose 2*r = -4*v + 5*r + 25, 4*v + i*r = 10. What is the units digit of v?
4
Let r = 18 - 5. Let l be (-2)/4 + (-45)/(-6). Let n = r - l. Wh